{"id":782,"date":"2023-01-26T20:44:35","date_gmt":"2023-01-26T20:44:35","guid":{"rendered":"https:\/\/fundaciontierraspatagonicas.com.ar\/english\/?page_id=782"},"modified":"2026-01-12T21:49:22","modified_gmt":"2026-01-12T21:49:22","slug":"mission","status":"publish","type":"page","link":"https:\/\/fundaciontierraspatagonicas.org\/english\/mission\/","title":{"rendered":"Mission"},"content":{"rendered":"\t\t<div data-elementor-type=\"wp-post\" data-elementor-id=\"782\" class=\"elementor elementor-782\">\n\t\t\t\t\t\t<section class=\"elementor-section elementor-top-section elementor-element elementor-element-2c82feb elementor-section-height-min-height elementor-section-boxed elementor-section-height-default elementor-section-items-middle\" data-id=\"2c82feb\" data-element_type=\"section\" data-settings=\"{&quot;background_background&quot;:&quot;classic&quot;,&quot;shape_divider_top&quot;:&quot;mountains&quot;}\">\n\t\t\t\t\t\t\t<div class=\"elementor-background-overlay\"><\/div>\n\t\t\t\t\t\t<div class=\"elementor-shape elementor-shape-top\" data-negative=\"false\">\n\t\t\t<svg xmlns=\"http:\/\/www.w3.org\/2000\/svg\" viewBox=\"0 0 1000 100\" preserveAspectRatio=\"none\">\n\t<path class=\"elementor-shape-fill\" opacity=\"0.33\" d=\"M473,67.3c-203.9,88.3-263.1-34-320.3,0C66,119.1,0,59.7,0,59.7V0h1000v59.7 c0,0-62.1,26.1-94.9,29.3c-32.8,3.3-62.8-12.3-75.8-22.1C806,49.6,745.3,8.7,694.9,4.7S492.4,59,473,67.3z\"\/>\n\t<path class=\"elementor-shape-fill\" opacity=\"0.66\" d=\"M734,67.3c-45.5,0-77.2-23.2-129.1-39.1c-28.6-8.7-150.3-10.1-254,39.1 s-91.7-34.4-149.2,0C115.7,118.3,0,39.8,0,39.8V0h1000v36.5c0,0-28.2-18.5-92.1-18.5C810.2,18.1,775.7,67.3,734,67.3z\"\/>\n\t<path class=\"elementor-shape-fill\" d=\"M766.1,28.9c-200-57.5-266,65.5-395.1,19.5C242,1.8,242,5.4,184.8,20.6C128,35.8,132.3,44.9,89.9,52.5C28.6,63.7,0,0,0,0 h1000c0,0-9.9,40.9-83.6,48.1S829.6,47,766.1,28.9z\"\/>\n<\/svg>\t\t<\/div>\n\t\t\t\t\t<div class=\"elementor-container elementor-column-gap-default\">\n\t\t\t\t\t<div class=\"elementor-column elementor-col-100 elementor-top-column elementor-element elementor-element-364ec8a\" data-id=\"364ec8a\" data-element_type=\"column\">\n\t\t\t<div class=\"elementor-widget-wrap elementor-element-populated\">\n\t\t\t\t\t\t<div class=\"elementor-element elementor-element-450b02b elementor-widget elementor-widget-heading\" data-id=\"450b02b\" data-element_type=\"widget\" data-widget_type=\"heading.default\">\n\t\t\t\t<div class=\"elementor-widget-container\">\n\t\t\t<h1 class=\"elementor-heading-title elementor-size-default\">THE FUNDACI\u00d3N<\/h1>\t\t<\/div>\n\t\t\t\t<\/div>\n\t\t\t\t\t<\/div>\n\t\t<\/div>\n\t\t\t\t\t<\/div>\n\t\t<\/section>\n\t\t\t\t<section class=\"elementor-section elementor-top-section elementor-element elementor-element-e91d907 elementor-section-boxed elementor-section-height-default elementor-section-height-default\" data-id=\"e91d907\" data-element_type=\"section\" data-settings=\"{&quot;background_background&quot;:&quot;classic&quot;}\">\n\t\t\t\t\t\t<div class=\"elementor-container elementor-column-gap-default\">\n\t\t\t\t\t<div class=\"elementor-column elementor-col-100 elementor-top-column elementor-element elementor-element-4a0d7a0\" data-id=\"4a0d7a0\" data-element_type=\"column\">\n\t\t\t<div class=\"elementor-widget-wrap elementor-element-populated\">\n\t\t\t\t\t\t<div class=\"elementor-element elementor-element-a9fe9e1 elementor-widget__width-auto elementor-fixed elementor-widget elementor-widget-button\" data-id=\"a9fe9e1\" data-element_type=\"widget\" data-settings=\"{&quot;_position&quot;:&quot;fixed&quot;}\" data-widget_type=\"button.default\">\n\t\t\t\t<div class=\"elementor-widget-container\">\n\t\t\t\t\t\t\t<div class=\"elementor-button-wrapper\">\n\t\t\t\t\t<a class=\"elementor-button elementor-button-link elementor-size-sm\" href=\"https:\/\/fundaciontierraspatagonicas.org\/english\/donations\/\">\n\t\t\t\t\t\t<span class=\"elementor-button-content-wrapper\">\n\t\t\t\t\t\t\t\t\t<span class=\"elementor-button-text\">DONATE<\/span>\n\t\t\t\t\t<\/span>\n\t\t\t\t\t<\/a>\n\t\t\t\t<\/div>\n\t\t\t\t\t\t<\/div>\n\t\t\t\t<\/div>\n\t\t\t\t\t<\/div>\n\t\t<\/div>\n\t\t\t\t\t<\/div>\n\t\t<\/section>\n\t\t\t\t<section class=\"elementor-section elementor-top-section elementor-element elementor-element-2cf2d767 elementor-section-content-middle elementor-section-boxed elementor-section-height-default elementor-section-height-default\" data-id=\"2cf2d767\" data-element_type=\"section\" data-settings=\"{&quot;background_background&quot;:&quot;classic&quot;}\">\n\t\t\t\t\t\t<div class=\"elementor-container elementor-column-gap-no\">\n\t\t\t\t\t<div class=\"elementor-column elementor-col-50 elementor-top-column elementor-element elementor-element-e091abc\" data-id=\"e091abc\" data-element_type=\"column\">\n\t\t\t<div class=\"elementor-widget-wrap elementor-element-populated\">\n\t\t\t\t\t\t<div class=\"elementor-element elementor-element-2c6c3f0 elementor-widget elementor-widget-image\" data-id=\"2c6c3f0\" data-element_type=\"widget\" data-widget_type=\"image.default\">\n\t\t\t\t<div class=\"elementor-widget-container\">\n\t\t\t\t\t\t\t\t\t\t\t\t\t<img decoding=\"async\" src=\"https:\/\/fundaciontierraspatagonicas.org\/english\/wp-content\/uploads\/elementor\/thumbs\/iconos-fundacion-q3ux46tse03worqn1ad5y185970w96sycifn2v6nq4.png\" title=\"iconos-fundacion\" alt=\"iconos-fundacion\" loading=\"lazy\" \/>\t\t\t\t\t\t\t\t\t\t\t\t\t<\/div>\n\t\t\t\t<\/div>\n\t\t\t\t<div class=\"elementor-element elementor-element-bcecbee elementor-widget elementor-widget-image-box\" data-id=\"bcecbee\" data-element_type=\"widget\" data-widget_type=\"image-box.default\">\n\t\t\t\t<div class=\"elementor-widget-container\">\n\t\t\t<div class=\"elementor-image-box-wrapper\"><div class=\"elementor-image-box-content\"><h3 class=\"elementor-image-box-title\">FOUNDED BY NEUQU\u00c9N LOCALS IN THE 80S, TODAY THE FUNDACI\u00d3N HAS BEEN RELAUNCHED TO CONTINUE SUPPORTING THE CONSERVATION OF OUR PATAGONIA, WITH A SPECIAL FOCUS ON UNITING PEOPLE: <em>IF HUMANS SUFFER, THE ENVIRONMENT SUFFERS.<\/em><\/h3><p class=\"elementor-image-box-description\"><b> La Fundaci\u00f3n para la Conservaci\u00f3n de Tierras Patag\u00f3nicas was born with the aim of creating restrictions to preserve the natural environement and Patagonian landscapes. In this new era, we have shorted our name to the Fundaci\u00f3n Tierras Patag\u00f3nicas and, with a new lease of life and focus, we are seeking to continue supporting the protection of the environment in Argentina Patagonia through people.  <\/b><br><br>Max Kn\u00fcll, the nephew of one of the founders, was elected as President of the Fundaci\u00f3n to lead us through this new chapter, in which we have committed to approach conservation with a focus on untiing human beings through communication, education and shared work on common environmental issues.  <br><br>The deterioration of the environment in which we live, forest fires and the associated deforestation and contamination of air, land and waterways, affects society as a whole. <br><br>We want to contribute to the developmemt of links and relationships of trust which help to develop common and shared solutions to present and future problems.<\/p><\/div><\/div>\t\t<\/div>\n\t\t\t\t<\/div>\n\t\t\t\t\t<\/div>\n\t\t<\/div>\n\t\t\t\t<div class=\"elementor-column elementor-col-25 elementor-top-column elementor-element elementor-element-d855b1e\" data-id=\"d855b1e\" data-element_type=\"column\">\n\t\t\t<div class=\"elementor-widget-wrap elementor-element-populated\">\n\t\t\t\t\t\t<div class=\"elementor-element elementor-element-80f3331 elementor-widget elementor-widget-image\" data-id=\"80f3331\" data-element_type=\"widget\" data-widget_type=\"image.default\">\n\t\t\t\t<div class=\"elementor-widget-container\">\n\t\t\t\t\t\t\t\t\t\t\t\t\t<img decoding=\"async\" src=\"https:\/\/fundaciontierraspatagonicas.org\/english\/wp-content\/uploads\/elementor\/thumbs\/Olivia-1-q3ux54o5x8u03ulrv4a83salfr4bdn7740b1uz4gdc.jpg\" title=\"Olivia-1\" alt=\"Olivia-1\" class=\"elementor-animation-sink\" loading=\"lazy\" \/>\t\t\t\t\t\t\t\t\t\t\t\t\t<\/div>\n\t\t\t\t<\/div>\n\t\t\t\t\t<\/div>\n\t\t<\/div>\n\t\t\t\t<div class=\"elementor-column elementor-col-25 elementor-top-column elementor-element elementor-element-a4a1a82\" data-id=\"a4a1a82\" data-element_type=\"column\">\n\t\t\t<div class=\"elementor-widget-wrap elementor-element-populated\">\n\t\t\t\t\t\t<div class=\"elementor-element elementor-element-337f04c elementor-widget elementor-widget-image\" data-id=\"337f04c\" data-element_type=\"widget\" data-widget_type=\"image.default\">\n\t\t\t\t<div class=\"elementor-widget-container\">\n\t\t\t\t\t\t\t\t\t\t\t\t\t<img decoding=\"async\" src=\"https:\/\/fundaciontierraspatagonicas.org\/english\/wp-content\/uploads\/elementor\/thumbs\/Jornada-q3ux50wowev2c0u0okwsb3yfw53c45mis9nob4hus4.jpg\" title=\"Jornada\" alt=\"Jornada\" class=\"elementor-animation-sink\" loading=\"lazy\" \/>\t\t\t\t\t\t\t\t\t\t\t\t\t<\/div>\n\t\t\t\t<\/div>\n\t\t\t\t<div class=\"elementor-element elementor-element-c60e50f elementor-widget elementor-widget-image\" data-id=\"c60e50f\" data-element_type=\"widget\" data-widget_type=\"image.default\">\n\t\t\t\t<div class=\"elementor-widget-container\">\n\t\t\t\t\t\t\t\t\t\t\t\t\t<img decoding=\"async\" src=\"https:\/\/fundaciontierraspatagonicas.org\/english\/wp-content\/uploads\/elementor\/thumbs\/baseoperatva-q3ux5htsbfi8505fxs82jzoql2rxyphouleey3sro4.jpg\" title=\"baseoperatva\" alt=\"baseoperatva\" class=\"elementor-animation-sink\" loading=\"lazy\" \/>\t\t\t\t\t\t\t\t\t\t\t\t\t<\/div>\n\t\t\t\t<\/div>\n\t\t\t\t\t<\/div>\n\t\t<\/div>\n\t\t\t\t\t<\/div>\n\t\t<\/section>\n\t\t\t\t<\/div>\n\t\t","protected":false},"excerpt":{"rendered":"<p>THE FUNDACI\u00d3N DONATE FOUNDED BY NEUQU\u00c9N LOCALS IN THE 80S, TODAY THE FUNDACI\u00d3N HAS BEEN RELAUNCHED TO CONTINUE SUPPORTING THE CONSERVATION OF OUR PATAGONIA, WITH A SPECIAL FOCUS ON UNITING PEOPLE: IF HUMANS SUFFER, THE ENVIRONMENT SUFFERS. La Fundaci\u00f3n para la Conservaci\u00f3n de Tierras Patag\u00f3nicas was born with the aim of creating restrictions to preserve &hellip;<\/p>\n<p class=\"read-more\"> <a class=\"\" href=\"https:\/\/fundaciontierraspatagonicas.org\/english\/mission\/\"> <span class=\"screen-reader-text\">Mission<\/span> Leer m\u00e1s &raquo;<\/a><\/p>\n","protected":false},"author":1,"featured_media":0,"parent":0,"menu_order":0,"comment_status":"closed","ping_status":"closed","template":"","meta":{"site-sidebar-layout":"no-sidebar","site-content-layout":"page-builder","ast-global-header-display":"","ast-main-header-display":"","ast-hfb-above-header-display":"","ast-hfb-below-header-display":"","ast-hfb-mobile-header-display":"","site-post-title":"disabled","ast-breadcrumbs-content":"","ast-featured-img":"disabled","footer-sml-layout":"","theme-transparent-header-meta":"","adv-header-id-meta":"","stick-header-meta":"","header-above-stick-meta":"","header-main-stick-meta":"","header-below-stick-meta":"","footnotes":""},"class_list":["post-782","page","type-page","status-publish","hentry"],"aioseo_notices":[],"yoast_head":"<!-- This site is optimized with the Yoast SEO plugin v23.9 - https:\/\/yoast.com\/wordpress\/plugins\/seo\/ -->\n<title>Mission - Fundaci\u00f3n Tierras Patag\u00f3nicas<\/title>\n<meta name=\"robots\" content=\"index, follow, max-snippet:-1, max-image-preview:large, max-video-preview:-1\" \/>\n<link rel=\"canonical\" href=\"https:\/\/fundaciontierraspatagonicas.org\/english\/mission\/\" \/>\n<meta property=\"og:locale\" content=\"es_ES\" \/>\n<meta property=\"og:type\" content=\"article\" \/>\n<meta property=\"og:title\" content=\"Mission - Fundaci\u00f3n Tierras Patag\u00f3nicas\" \/>\n<meta property=\"og:description\" content=\"THE FUNDACI\u00d3N DONATE FOUNDED BY NEUQU\u00c9N LOCALS IN THE 80S, TODAY THE FUNDACI\u00d3N HAS BEEN RELAUNCHED TO CONTINUE SUPPORTING THE CONSERVATION OF OUR PATAGONIA, WITH A SPECIAL FOCUS ON UNITING PEOPLE: IF HUMANS SUFFER, THE ENVIRONMENT SUFFERS. La Fundaci\u00f3n para la Conservaci\u00f3n de Tierras Patag\u00f3nicas was born with the aim of creating restrictions to preserve &hellip; Mission Leer m\u00e1s &raquo;\" \/>\n<meta property=\"og:url\" content=\"https:\/\/fundaciontierraspatagonicas.org\/english\/mission\/\" \/>\n<meta property=\"og:site_name\" content=\"Fundaci\u00f3n Tierras Patag\u00f3nicas\" \/>\n<meta property=\"article:modified_time\" content=\"2026-01-12T21:49:22+00:00\" \/>\n<meta property=\"og:image\" content=\"https:\/\/fundaciontierraspatagonicas.org\/english\/wp-content\/uploads\/elementor\/thumbs\/iconos-fundacion-q3ux46tse03worqn1ad5y185970w96sycifn2v6nq4.png\" \/>\n<meta name=\"twitter:card\" content=\"summary_large_image\" \/>\n<meta name=\"twitter:label1\" content=\"Tiempo de lectura\" \/>\n\t<meta name=\"twitter:data1\" content=\"2 minutos\" \/>\n<script type=\"application\/ld+json\" class=\"yoast-schema-graph\">{\"@context\":\"https:\/\/schema.org\",\"@graph\":[{\"@type\":\"WebPage\",\"@id\":\"https:\/\/fundaciontierraspatagonicas.org\/english\/mission\/\",\"url\":\"https:\/\/fundaciontierraspatagonicas.org\/english\/mission\/\",\"name\":\"Mission - Fundaci\u00f3n Tierras Patag\u00f3nicas\",\"isPartOf\":{\"@id\":\"https:\/\/fundaciontierraspatagonicas.org\/english\/#website\"},\"primaryImageOfPage\":{\"@id\":\"https:\/\/fundaciontierraspatagonicas.org\/english\/mission\/#primaryimage\"},\"image\":{\"@id\":\"https:\/\/fundaciontierraspatagonicas.org\/english\/mission\/#primaryimage\"},\"thumbnailUrl\":\"https:\/\/fundaciontierraspatagonicas.org\/english\/wp-content\/uploads\/elementor\/thumbs\/iconos-fundacion-q3ux46tse03worqn1ad5y185970w96sycifn2v6nq4.png\",\"datePublished\":\"2023-01-26T20:44:35+00:00\",\"dateModified\":\"2026-01-12T21:49:22+00:00\",\"breadcrumb\":{\"@id\":\"https:\/\/fundaciontierraspatagonicas.org\/english\/mission\/#breadcrumb\"},\"inLanguage\":\"es-AR\",\"potentialAction\":[{\"@type\":\"ReadAction\",\"target\":[\"https:\/\/fundaciontierraspatagonicas.org\/english\/mission\/\"]}]},{\"@type\":\"ImageObject\",\"inLanguage\":\"es-AR\",\"@id\":\"https:\/\/fundaciontierraspatagonicas.org\/english\/mission\/#primaryimage\",\"url\":\"https:\/\/fundaciontierraspatagonicas.org\/english\/wp-content\/uploads\/elementor\/thumbs\/iconos-fundacion-q3ux46tse03worqn1ad5y185970w96sycifn2v6nq4.png\",\"contentUrl\":\"https:\/\/fundaciontierraspatagonicas.org\/english\/wp-content\/uploads\/elementor\/thumbs\/iconos-fundacion-q3ux46tse03worqn1ad5y185970w96sycifn2v6nq4.png\"},{\"@type\":\"BreadcrumbList\",\"@id\":\"https:\/\/fundaciontierraspatagonicas.org\/english\/mission\/#breadcrumb\",\"itemListElement\":[{\"@type\":\"ListItem\",\"position\":1,\"name\":\"Inicio\",\"item\":\"https:\/\/fundaciontierraspatagonicas.org\/english\/\"},{\"@type\":\"ListItem\",\"position\":2,\"name\":\"Mission\"}]},{\"@type\":\"WebSite\",\"@id\":\"https:\/\/fundaciontierraspatagonicas.org\/english\/#website\",\"url\":\"https:\/\/fundaciontierraspatagonicas.org\/english\/\",\"name\":\"Fundaci\u00f3n Tierras Patag\u00f3nicas\",\"description\":\"\",\"publisher\":{\"@id\":\"https:\/\/fundaciontierraspatagonicas.org\/english\/#organization\"},\"potentialAction\":[{\"@type\":\"SearchAction\",\"target\":{\"@type\":\"EntryPoint\",\"urlTemplate\":\"https:\/\/fundaciontierraspatagonicas.org\/english\/?s={search_term_string}\"},\"query-input\":{\"@type\":\"PropertyValueSpecification\",\"valueRequired\":true,\"valueName\":\"search_term_string\"}}],\"inLanguage\":\"es-AR\"},{\"@type\":\"Organization\",\"@id\":\"https:\/\/fundaciontierraspatagonicas.org\/english\/#organization\",\"name\":\"Fundaci\u00f3n Tierras Patag\u00f3nicas\",\"url\":\"https:\/\/fundaciontierraspatagonicas.org\/english\/\",\"logo\":{\"@type\":\"ImageObject\",\"inLanguage\":\"es-AR\",\"@id\":\"https:\/\/fundaciontierraspatagonicas.org\/english\/#\/schema\/logo\/image\/\",\"url\":\"https:\/\/fundaciontierraspatagonicas.org\/english\/wp-content\/uploads\/2023\/01\/logo-fundacion.png\",\"contentUrl\":\"https:\/\/fundaciontierraspatagonicas.org\/english\/wp-content\/uploads\/2023\/01\/logo-fundacion.png\",\"width\":300,\"height\":70,\"caption\":\"Fundaci\u00f3n Tierras Patag\u00f3nicas\"},\"image\":{\"@id\":\"https:\/\/fundaciontierraspatagonicas.org\/english\/#\/schema\/logo\/image\/\"}}]}<\/script>\n<!-- \/ Yoast SEO plugin. -->","yoast_head_json":{"title":"Mission - Fundaci\u00f3n Tierras Patag\u00f3nicas","robots":{"index":"index","follow":"follow","max-snippet":"max-snippet:-1","max-image-preview":"max-image-preview:large","max-video-preview":"max-video-preview:-1"},"canonical":"https:\/\/fundaciontierraspatagonicas.org\/english\/mission\/","og_locale":"es_ES","og_type":"article","og_title":"Mission - Fundaci\u00f3n Tierras Patag\u00f3nicas","og_description":"THE FUNDACI\u00d3N DONATE FOUNDED BY NEUQU\u00c9N LOCALS IN THE 80S, TODAY THE FUNDACI\u00d3N HAS BEEN RELAUNCHED TO CONTINUE SUPPORTING THE CONSERVATION OF OUR PATAGONIA, WITH A SPECIAL FOCUS ON UNITING PEOPLE: IF HUMANS SUFFER, THE ENVIRONMENT SUFFERS. La Fundaci\u00f3n para la Conservaci\u00f3n de Tierras Patag\u00f3nicas was born with the aim of creating restrictions to preserve &hellip; Mission Leer m\u00e1s &raquo;","og_url":"https:\/\/fundaciontierraspatagonicas.org\/english\/mission\/","og_site_name":"Fundaci\u00f3n Tierras Patag\u00f3nicas","article_modified_time":"2026-01-12T21:49:22+00:00","og_image":[{"url":"https:\/\/fundaciontierraspatagonicas.org\/english\/wp-content\/uploads\/elementor\/thumbs\/iconos-fundacion-q3ux46tse03worqn1ad5y185970w96sycifn2v6nq4.png"}],"twitter_card":"summary_large_image","twitter_misc":{"Tiempo de lectura":"2 minutos"},"schema":{"@context":"https:\/\/schema.org","@graph":[{"@type":"WebPage","@id":"https:\/\/fundaciontierraspatagonicas.org\/english\/mission\/","url":"https:\/\/fundaciontierraspatagonicas.org\/english\/mission\/","name":"Mission - Fundaci\u00f3n Tierras Patag\u00f3nicas","isPartOf":{"@id":"https:\/\/fundaciontierraspatagonicas.org\/english\/#website"},"primaryImageOfPage":{"@id":"https:\/\/fundaciontierraspatagonicas.org\/english\/mission\/#primaryimage"},"image":{"@id":"https:\/\/fundaciontierraspatagonicas.org\/english\/mission\/#primaryimage"},"thumbnailUrl":"https:\/\/fundaciontierraspatagonicas.org\/english\/wp-content\/uploads\/elementor\/thumbs\/iconos-fundacion-q3ux46tse03worqn1ad5y185970w96sycifn2v6nq4.png","datePublished":"2023-01-26T20:44:35+00:00","dateModified":"2026-01-12T21:49:22+00:00","breadcrumb":{"@id":"https:\/\/fundaciontierraspatagonicas.org\/english\/mission\/#breadcrumb"},"inLanguage":"es-AR","potentialAction":[{"@type":"ReadAction","target":["https:\/\/fundaciontierraspatagonicas.org\/english\/mission\/"]}]},{"@type":"ImageObject","inLanguage":"es-AR","@id":"https:\/\/fundaciontierraspatagonicas.org\/english\/mission\/#primaryimage","url":"https:\/\/fundaciontierraspatagonicas.org\/english\/wp-content\/uploads\/elementor\/thumbs\/iconos-fundacion-q3ux46tse03worqn1ad5y185970w96sycifn2v6nq4.png","contentUrl":"https:\/\/fundaciontierraspatagonicas.org\/english\/wp-content\/uploads\/elementor\/thumbs\/iconos-fundacion-q3ux46tse03worqn1ad5y185970w96sycifn2v6nq4.png"},{"@type":"BreadcrumbList","@id":"https:\/\/fundaciontierraspatagonicas.org\/english\/mission\/#breadcrumb","itemListElement":[{"@type":"ListItem","position":1,"name":"Inicio","item":"https:\/\/fundaciontierraspatagonicas.org\/english\/"},{"@type":"ListItem","position":2,"name":"Mission"}]},{"@type":"WebSite","@id":"https:\/\/fundaciontierraspatagonicas.org\/english\/#website","url":"https:\/\/fundaciontierraspatagonicas.org\/english\/","name":"Fundaci\u00f3n Tierras Patag\u00f3nicas","description":"","publisher":{"@id":"https:\/\/fundaciontierraspatagonicas.org\/english\/#organization"},"potentialAction":[{"@type":"SearchAction","target":{"@type":"EntryPoint","urlTemplate":"https:\/\/fundaciontierraspatagonicas.org\/english\/?s={search_term_string}"},"query-input":{"@type":"PropertyValueSpecification","valueRequired":true,"valueName":"search_term_string"}}],"inLanguage":"es-AR"},{"@type":"Organization","@id":"https:\/\/fundaciontierraspatagonicas.org\/english\/#organization","name":"Fundaci\u00f3n Tierras Patag\u00f3nicas","url":"https:\/\/fundaciontierraspatagonicas.org\/english\/","logo":{"@type":"ImageObject","inLanguage":"es-AR","@id":"https:\/\/fundaciontierraspatagonicas.org\/english\/#\/schema\/logo\/image\/","url":"https:\/\/fundaciontierraspatagonicas.org\/english\/wp-content\/uploads\/2023\/01\/logo-fundacion.png","contentUrl":"https:\/\/fundaciontierraspatagonicas.org\/english\/wp-content\/uploads\/2023\/01\/logo-fundacion.png","width":300,"height":70,"caption":"Fundaci\u00f3n Tierras Patag\u00f3nicas"},"image":{"@id":"https:\/\/fundaciontierraspatagonicas.org\/english\/#\/schema\/logo\/image\/"}}]}},"_links":{"self":[{"href":"https:\/\/fundaciontierraspatagonicas.org\/english\/wp-json\/wp\/v2\/pages\/782","targetHints":{"allow":["GET"]}}],"collection":[{"href":"https:\/\/fundaciontierraspatagonicas.org\/english\/wp-json\/wp\/v2\/pages"}],"about":[{"href":"https:\/\/fundaciontierraspatagonicas.org\/english\/wp-json\/wp\/v2\/types\/page"}],"author":[{"embeddable":true,"href":"https:\/\/fundaciontierraspatagonicas.org\/english\/wp-json\/wp\/v2\/users\/1"}],"replies":[{"embeddable":true,"href":"https:\/\/fundaciontierraspatagonicas.org\/english\/wp-json\/wp\/v2\/comments?post=782"}],"version-history":[{"count":10,"href":"https:\/\/fundaciontierraspatagonicas.org\/english\/wp-json\/wp\/v2\/pages\/782\/revisions"}],"predecessor-version":[{"id":3027,"href":"https:\/\/fundaciontierraspatagonicas.org\/english\/wp-json\/wp\/v2\/pages\/782\/revisions\/3027"}],"wp:attachment":[{"href":"https:\/\/fundaciontierraspatagonicas.org\/english\/wp-json\/wp\/v2\/media?parent=782"}],"curies":[{"name":"wp","href":"https:\/\/api.w.org\/{rel}","templated":true}]}}